ppose 0 = -0*f + f - 6. Let l = -6 + f. Calculate w(l).
-7
Let t be (6/(-9))/((-1)/6). Let n(x) = -x. Suppose 0*s - 1 = s. Let m(c) = -7*c + 5. Let f(d) = s*m(d) + 6*n(d). Calculate f(t).
-1
Let v(f) = 2 - 72*f + 145*f - 76*f. Determine v(-3).
11
Let q(x) be the second derivative of x**5/20 + 7*x**4/12 + x**3 - x**2/2 + 7*x. Determine q(-6).
-1
Let p be (-2)/7 - (-112)/49. Suppose -4*j = 4*z - 44, j - 43 = -p*j - 5*z. Let s(g) = 2*g**2 - 2*g - 4 - 3*g**2 + j*g. What is s(3)?
-1
Let w(c) = c - 2. Let r be w(-2). Suppose l = 6*l. Let j(q) = -5*q + 3*q + q - 2 + l*q. Give j(r).
2
Let x(a) = -24*a**2 + 2*a + 1. Let y be x(-1). Let w = y + 35. Suppose w = -4*g - 10. Let m(j) = -2*j - 7. Determine m(g).
3
Suppose 3*o = -5*r - 40, -o = -3*r + o - 5. Let j(h) = h**2 + 6*h + 7. Let q be j(-5). Let v(p) = 7 + 3*p + q - 4. Determine v(r).
-10
Let c(z) = 5*z - 4. Let y(i) be the third derivative of -2*i**2 + 0*i + 11/24*i**4 - 4/3*i**3 + 0. Let f(k) = -9*c(k) + 4*y(k). Give f(4).
0
Let a(s) = -5*s**3 + 1 + s**3 + 0 + 3*s**3 - 6*s**2. What is a(-6)?
1
Let z(k) be the first derivative of 5*k**3/3 + k**2 + k + 38. Let v(f) = 0*f**3 + 2 - 3*f - 4*f**2 + 5*f + f**3. Let c be v(3). Determine z(c).
4
Let r(a) = -a**2 - a - 2. Suppose -3*c + 9 = -4*y - 4*c, -3 = 3*y + 2*c. Give r(y).
-8
Let q(o) = o + 5. Suppose -3*m = -l - 17, -2*m + 6*l - 2*l + 28 = 0. Calculate q(m).
9
Let v be 11 - (-4 + 4/2). Let w(u) = -5*u - 7*u + 13 + v*u. What is w(0)?
13
Let o(a) be the first derivative of a**4/4 - 2*a**3/3 - a - 1. Let u be o(2). Let z be ((-1)/3)/(u/(-3)). Let m(r) = 8*r. Give m(z).
-8
Let n(k) = -10 + 0 + 8 - k. Calculate n(6).
-8
Let j(r) be the third derivative of -r**5/40 - r**4/6 + r**3/6 - 3*r**2. Let s(z) be the first derivative of j(z). Give s(-5).
11
Let i(a) = a + 1. Let w(n) = 4*n - 4. Let h(m) = -6*i(m) + w(m). Let x(p) = -1. Let s(q) = -h(q) + 3*x(q). What is s(-5)?
-3
Suppose -u - 4 = u. Let a = 5 + -3. Let m(x) = 2 - 6*x**2 + x**a + 3*x**2 - x**3 + 3*x. Give m(u).
-4
Suppose a = 3*a - 2. Let d(j) = -2*j**2 + j - 1. What is d(a)?
-2
Let i(y) = y**2 + 4*y + 2. Let l be -1*(-6 + (2 - 2)). Let h = l - 8. Calculate i(h).
-2
Let d(x) be the second derivative of -x**6/120 + x**5/12 - 5*x**4/24 + 5*x**3/6 - x**2/2 - x. Let z(i) be the first derivative of d(i). Give z(4).
1
Let x(b) = b**3 - b**2. Suppose 4 = -28*w + 24*w. Determine x(w).
-2
Let t(l) = l**3 - 2*l**2 - 4. Suppose -5*b + 9 = -6. Suppose -3*f = -2*x + 4 + 1, -3*x + b = 0. Let r = 4 + f. Give t(r).
5
Let j(i) = 0*i**2 + 2 - 3 - 2*i**2 + 0*i - 4*i. Calculate j(-3).
-7
Let u be (-2)/(-1)*10/60. Let d(r) be the first derivative of 1 - u*r**3 - 4*r - 2*r**2. Determine d(-3).
-1
Suppose 0 = -4*s + 3*h + 24, h + h = -5*s + 30. Let y(b) = -s*b + b + 0*b + 3*b. Calculate y(3).
-6
Let z(v) be the first derivative of -v**3/3 + v**2/2 + 4*v + 4. Give z(-3).
-8
Let k(v) = -v**3 + v**2 + v - 2. Suppose 3*g = -g. Let s be k(g). Let p(u) = u**2 - 1. Calculate p(s).
3
Let d(b) be the third derivative of -b**4/24 + b**3/6 + 14*b**2. Calculate d(7).
-6
Let k(y) = y**3 + 8*y**2 + 6*y - 7. Let z be k(-7). Suppose 0 = n - z + 1. Let c(w) = -2*w**2. Determine c(n).
-2
Let o be 0 + 3 - 1*-2. Let y(a) be the third derivative of -a**4/12 + 2*a**3/3 + 14*a**2. What is y(o)?
-6
Let z = 2 + 0. Let i(y) = -2 - z*y**2 - 2*y**3 + 3 + y**3. Give i(-1).
0
Let u(j) = 2*j**2 - 17*j - 5. Let q be u(9). Let h(l) = 2*l - 1. Calculate h(q).
7
Let m(n) = 7*n - 83*n**3 - 1 - 5*n**2 + 4 + 84*n**3. Let g(k) = 3*k**3 - 10*k**2 + 14*k + 7. Let j(b) = -2*g(b) + 5*m(b). Determine j(-6).
-5
Let z(b) = -3 - b**3 + 8*b - b**3 + b**3 - 1 + 4*b**2. Suppose -3*d + 7 = -8. Calculate z(d).
11
Let f(d) = -d**2 - d. Let x(k) = 7*k**2 + 7*k - 7. Let b(t) = 6*f(t) + x(t). Give b(0).
-7
Let q(k) = -k**2 - 5*k + 5. Let v be (-3)/(0 + 2/4). What is q(v)?
-1
Let j(f) = f + 3. Suppose 12*z - 34 = 14*z. Let k = 12 + z. Calculate j(k).
-2
Let r(a) be the first derivative of 1/3*a**3 - a**2 - 1/24*a**4 + 0*a + 3 - 1/60*a**5. Let b(z) be the second derivative of r(z). Determine b(0).
2
Suppose 9*z - 4*z = 40. Let j = 15 - z. Let a(r) = -r + 7. Let x be a(j). Let n(b) = b - 7. Calculate n(x).
-7
Suppose j + 3*l = -4 - 11, 0 = l + 5. Let a(f) = j + f**2 - 2*f**2 + 0 - 5. Let m be 0/(2/(-2) - 1). Give a(m).
-5
Let t(p) = 5*p**2 + 4*p - 1. Let o(f) = f**3 + f**2 + f. Let z(n) = 4*o(n) - t(n). What is z(1)?
4
Let i(g) be the first derivative of -g**4/4 + g**3/3 + g**2/2 - 2*g - 5. Calculate i(0).
-2
Let q(b) = b + 4. Let a be 780/4*(-3)/(-9). Let v be 2/10 + (-533)/a. Calculate q(v).
-4
Let t(s) = -1. Let r(c) = c - 2. Let v(f) = 5*f - 9. Let k(n) = -9*r(n) + 2*v(n). Suppose 3*o + o = -4. Let h(z) = o*k(z) + t(z). Determine h(-1).
0
Let z(u) = u**2 + 5*u + 3. Let j(s) be the second derivative of s**5/20 + s**4/4 + s**3/3 + 3*s**2/2 + 2*s. Let n be j(-3). What is z(n)?
-3
Let w(m) = m**2 + m + 2. Let q be w(0). Let h be ((-66)/9)/(q/(-3)). Let l(j) = -5 - j**3 + h + 5*j**2 - j**2 - 3*j. Give l(4).
-6
Let a(h) = 2*h - h - 8 + 9 - h**2. Let l(f) = -18*f**2 + 2*f + 3. Let m(i) = 2*a(i) - l(i). Calculate m(-1).
15
Let c be (6/(-4))/((-9)/12). Let s(h) = -1 - c*h**2 + 5*h**2 - 2*h**2 + h. What is s(-2)?
1
Let v(s) be the first derivative of s**3/3 - 2*s**2 - 6*s + 1. Let z be ((0 - -5)/1)/1. Determine v(z).
-1
Let n = 7 - 9. Let y(i) = i**3 + i**2 + 1. Let v(m) = -3*m**3 - 8*m**2 - 6*m - 5. Let j(c) = n*y(c) - v(c). What is j(-4)?
11
Let z(r) = 9*r**2 + r. Let l be (-9)/3 - (-10 + -3). Let y = -9 + l. What is z(y)?
10
Suppose p = -3*m + 19, 2*m = 6*m - 4. Suppose -u - p = 3*u. Let b be 6/u - 1/2. Let q(i) = -5*i - 3. Determine q(b).
7
Let m(i) = -i - 13. Let w be 152/(-16) + (-1)/(-2). Determine m(w).
-4
Let o = -25 - -22. Let i(j) = j**3 - j**2 - 3*j + 1. Give i(o).
-26
Let q(n) = n. Let o be 3 + -9 + 4 - -4. Give q(o).
2
Let d(j) = -4*j - j**2 + 2 - j**2 + j**3 + 0*j**2. Let u be 0 + (4 - (0 + -1)). Let z be (-1)/(-2 - u/(-3)). Determine d(z).
-1
Let k(r) be the third derivative of -r**6/120 + r**5/15 - r**4/8 + r**3 + 13*r**2. Give k(4).
-6
Let v(d) = d**3 - 11*d**2 - 12*d + 3. Suppose -6 = -3*o + 30. What is v(o)?
3
Suppose -r = -0*r - 3. Let x(m) = -m + 2. Determine x(r).
-1
Suppose -4*c + 3 = -m, 6*m - m = 5*c - 15. Let s(o) = 0 - 4*o - 2 - o - o**2. Calculate s(m).
4
Let q(c) = -2*c + 4. Let o(t) = -6*t**2. Let n be o(1). Let s be (24/(-9))/(n/9). Give q(s).
-4
Let q(x) be the first derivative of x**4/4 - 2*x**3/3 - x**2 - 3. Determine q(3).
3
Let m(x) = -x**2 + 7*x - 7. Let y be m(5). Suppose 0 = -y*n - 0*n - 18. Let r(l) be the second derivative of -l**3/6 - 3*l**2/2 + 2*l. Give r(n).
3
Let q(k) = -k**3 - k**2 - k - 2. Let m be q(0). Let o(g) = 4*g - 2 - 2*g - 5*g. Determine o(m).
4
Let a(x) = x**3 - 5*x**2 + x + 3. Let l(t) = -t + 10. Let v be l(5). Suppose -4*i + 11 = -5*q - 10, -v*i + 19 = q. Calculate a(i).
-9
Let c(b) be the first derivative of b**2/2 - b + 7. Determine c(-6).
-7
Let l(w) = -w - w**3 + 3*w**2 - 5*w**3 - w**2 + 4*w**3. Suppose -2*o - 2*r + 12 = 3*r, r = -2*o + 4. Calculate l(o).
-1
Let o(h) = -h + 1. Let s(p) = 2*p + 5. Let m(v) = 4*o(v) - s(v). Let c = -8 + 2. Let q(z) = z**3 + 6*z**2 - z - 7. Let r be q(c). Calculate m(r).
5
Let z(p) = p**2 + 3*p - 7. Let u be z(-7). Suppose -h = 5*c + h - 20, 3*c + 3*h = u. Let g(m) = m**2 - 1 - m**c - 2*m + m**2. Give g(3).
2
Let p(l) = l**2 + l + 9. Let v(y) = y - 4. Let a be v(4). Give p(a).
9
Let l(z) be the third derivative of -4*z**2 + 1/3*z**3 + 0*z + 0 + 1/8*z**4. Let b = -2 - 0. Give l(b).
-4
Let a(z) = -1 + 9*z - 8*z + 3 - 5*z**2 - 1. Let y(s) = 6*s**2 - s. Let c = -17 - -12. Let v(x) = c*a(x) - 4*y(x). Give v(0).
-5
Let k(z) = 384*z - z**3 + 12 - z**2 - 394*z + 10*z**2. Determine k(8).
-4
Let i = 50 + -52. Let s(m) = -2*m**2 + 2*m + 2. Determine s(i).
-10
Let l(q) = 1. Let h(k) = k**3 - 3*k**2 - 2*k + 5. Let i(o) = h(o) - 2*l(o). Let y be 4 + (-4)/(-8)*-4. Give i(y).
-5
Let l(n) = -n - 1. Let o be l(-3). Let u(v) be the first derivative of v**4/4 - v**3/3 - v**2/2 + 3*v - 3. Let a(g) be the first derivative of u(g). Give a(o).
7
Let f(p) = -p**2 - p - 11. Suppose -3*a = 2*a. Calculate f(a).
-11
Suppose h + 0 + 2 = 2*v, 0 = -2*v. Let u(c) = -9*c - 3. Calculate u(h).
15
Let g(w) = -2*w + 4. Let p(